**2 - 2*f - 4. Let h be (-12)/6 - -9 - 3. Calculate b(h).
4
Suppose 0*g + 20 = 4*g. Suppose 3*c + 5*r - g = -2*c, 5*r + 9 = 2*c. Let i(y) = y**2 + c*y**2 - 3 + 2*y**2 + 5*y - 6*y**2. Calculate i(4).
1
Let p(z) = 15 - 41 - 5*z**2 + 0*z**2 + 24*z. Let r(w) = -w**2 + 5*w - 5. Let h(b) = -2*p(b) + 11*r(b). What is h(6)?
3
Suppose -4*p + 3*t + 3 = 0, 2*p - 5*t + 4*t = 3. Let k(j) = 32 - 100 + 33 - j**2 + 2*j + 31. Calculate k(p).
-7
Let c(f) = 3 + f + 5*f**3 - 4*f**3 + 15*f**2 - 9*f**2. Let p = 35 + -41. What is c(p)?
-3
Let z(x) be the third derivative of x**5/60 + x**4/12 - 5*x**3/6 - 45*x**2. Give z(-5).
10
Suppose 0 = -10*x + 13*x. Let j be x/(-1)*(-3)/(-9). Let p(y) = 3*y**2 - 2*y**2 + j*y**2 - 1 - 2*y**2 - 2*y. Calculate p(-2).
-1
Let z(l) be the third derivative of -1/60*l**5 - l**2 + 0*l - 1/6*l**4 + l**3 + 0. Let r be (-28)/6 + 4/(-12). Calculate z(r).
1
Let h(f) = 3*f - f - f - 6. Let j(w) = 8*w + 5. Let v be j(0). What is h(v)?
-1
Let f(d) = -2*d - 17. Let h be f(-10). Let b(c) = 5*c - 15. Calculate b(h).
0
Suppose 0 = -i - 0*i. Let a be 0/(-3 + (-2 - -4)). Let q(s) = a*s + 0*s - 3 - s + 2*s. Determine q(i).
-3
Let z(r) = -r**2 - r + 9. Let p(h) = h**3 - 12*h**2 + 11*h + 4. Let f be p(11). Suppose f*n = d - 3, n - 2*d - 12 = -6*d. Give z(n).
9
Suppose 0 = -2*w - 3*w + 25. Suppose w*z - 5 = 4*h + 10, -5*z + 3*h = -10. Let i(v) = -10*v**3 + v**2 - 1. What is i(z)?
10
Suppose -j = -4*z - 1, 2*j + 2 = 3*z + 4*j. Suppose z = 11*g - 6*g + 10. Let k(c) = c**2 + 4*c + 3. Give k(g).
-1
Let t(d) = 47*d**2 + 3*d**3 - 97*d**2 + 49*d**2 + d. Calculate t(1).
3
Let l(h) = h + 6. Let c be l(-7). Let k(y) be the second derivative of 3*y**4/4 + y**2/2 - 5*y + 4. What is k(c)?
10
Let r = -32 - -35. Let o(b) = 9 + b**r + 0*b**3 - 2*b**3 - 5*b**2 + 7*b. Give o(-6).
3
Let s be (-96)/(-36)*30/(-4). Let t = -22 - s. Let i be (t/(-3))/(20/90). Let w(g) = g**3 - 2*g**2 - g - 4. Give w(i).
2
Let z(w) = 6*w**2 + 3*w + 1. Let a(q) = q**2 - q - 44. Let t be a(7). Determine z(t).
19
Let c(y) = y**3 - 4*y**2 + 5*y - 3. Let a be c(3). Let q(s) = s**a + 0*s - s**2 + 2*s - s. What is q(0)?
0
Let y(n) = -5*n + 1. Let s be -1*((2 - -1) + 3). Let m be 3 + -2 + s + 1. What is y(m)?
21
Let r(y) = 6*y - 33. Let n be r(6). Let p(x) = -x**3 + 4*x**2 - 6*x + 7. Give p(n).
-2
Let m(h) = 165*h - 47*h - 37*h - 51*h - 51*h. Calculate m(1).
-21
Let t(k) = 4*k + 3. Suppose 0 = -4*m - u + 50, -m = u - 0 - 11. Suppose 12*q = m*q + 5. What is t(q)?
-17
Let j(l) be the second derivative of -9*l**2 + 0 - 15*l - 1/6*l**3 - 1/12*l**4. What is j(0)?
-18
Let d(k) = -11*k**2 + 14*k + 7. Let r(n) = -4*n**2 + 5*n + 3. Let o(q) = -3*d(q) + 8*r(q). Give o(0).
3
Let r(n) be the third derivative of n**6/60 + n**5/20 - n**4/12 + n**3/3 - n**2 - 6. Give r(2).
26
Suppose -5*q + 5*w + 16 = 6, 0 = 5*q + w - 22. Let f be 2/(-3)*24/(-2). Let j(a) = a - 23. Let o(v) = -v + 15. Let k(x) = f*o(x) + 5*j(x). What is k(q)?
-7
Let w(l) = -2*l - 10. Let g be w(-7). Suppose -4*o - g*d = -60, -2*d - 3*d = -o + 3. Let i = o - 7. Let q(y) = -y**2 + 6*y + 5. What is q(i)?
5
Let s(q) = 4*q**2 - 3*q + 1. Let b be s(2). Let m = b - 7. Let t(c) = c - 4 + 2 - 7. Give t(m).
-5
Let v(h) = 3*h + 4. Let l(r) = -2*r**2 - 23*r + 14. Let c be l(-12). Suppose w + 16 = -4*f, 0*f - 14 = 2*w + c*f. Calculate v(w).
-8
Suppose 2*j - w = -3, -9 = -3*j - 8*w + 5*w. Let g(v) = v - 1. Determine g(j).
-1
Let y(h) be the first derivative of -h**3/3 - 9*h**2/2 + 6*h + 40. What is y(-9)?
6
Let s(z) be the second derivative of -z**8/6720 + z**7/360 - 7*z**6/720 + z**5/120 - 3*z**4/4 + 7*z. Let v(g) be the third derivative of s(g). Determine v(6).
-5
Let l(s) = 95*s + 85*s - 181*s. What is l(-9)?
9
Suppose -5 = 2*r - 13. Let a be ((-1)/(-1))/(18/r - 4). Let z(x) = -x**2 + 5*x - 1. Calculate z(a).
5
Let r(p) = 2*p**2 + 7. Let u(k) = k**2 - k + 1. Let t = -12 + 6. Let v(m) = -m**3 - 5*m**2 + 5*m - 7. Let i be v(t). Let c(w) = i*r(w) + 4*u(w). Determine c(4).
13
Suppose -5*w = -5*q + 185, 0*w + 2*q = w + 36. Let h = w + 37. Let b(y) = -9*y**2 - 1. What is b(h)?
-10
Let m(r) = -r**3 - 2*r**2 - 2. Let k(i) = 2*i**3 + 5*i**2 + 5. Let o be (4 - -1) + -2 - (-2 - 0). Let d(b) = o*m(b) + 2*k(b). Let z = 1 - 1. Determine d(z).
0
Let j(o) = -o**3 - o**2 - o + 3. Let m(u) = 4*u**3 + 17*u**2 - 8*u + 1. Let h(g) = -5*j(g) - m(g). Calculate h(11).
6
Let l(x) = -x**3 + 8*x**2 - 3*x - 4. Let y(q) = q**2 + 14*q + 56. Let d be y(-8). What is l(d)?
-28
Let z be (((-3)/6)/1)/(-9 + 8). Let p(f) be the second derivative of -f - 2*f**2 + 0 + z*f**3 + 1/12*f**4. What is p(-3)?
-4
Let s(k) = -3*k**3 - 1 + 4*k**3 - k + 0*k**3. Suppose 6*m = 12*m - 18. Suppose -m = -a - 4. Determine s(a).
-1
Suppose k - 38 + 35 = 0. Let b(p) = 0*p + 7 - 1 - k*p - 2. Calculate b(5).
-11
Let j(q) = -13*q + 3. Let f(w) = -2*w + 1. Let c(x) = 2*f(x) - j(x). Determine c(-2).
-19
Let c(h) be the first derivative of -h**3/3 + 9*h**2 - h + 13. Give c(18).
-1
Let t = -13 + -12. Let v = t + 19. Let d(a) = -a**2 - 4*a + 6. Give d(v).
-6
Let f(l) = l**3 + l**2 + 6*l + 9. Let c be f(0). Let q(h) = h**2 - 11*h + 14. What is q(c)?
-4
Let g(x) = -x - 15. Let b = -51 - -55. Suppose -u + 27 = -b*u. Give g(u).
-6
Let i(b) = -6*b**3 + b**2 - 5*b + 1. Let g(t) = 7*t**3 + 6*t - 2. Let d(c) = -5*g(c) - 6*i(c). Let j be 2/8 + (-23)/(-4). What is d(j)?
4
Suppose -z + 1 = -2. Suppose 0 = -0*s + z*s - 15. Let g(m) = -m**2 + 4*m + 1. Determine g(s).
-4
Let p be (7 - (-549)/108) + -12. Let b(i) be the second derivative of p*i**4 + 0 + i**2 + 8*i + 1/2*i**3. Determine b(-4).
6
Let v = 6 - 4. Let z(k) = 3*k + 5*k**v - 5*k - k**3 - k**2 - 1. Let n be (-4 - -3)/(2/3 + -1). Determine z(n).
2
Let k(b) = b**3 + 4*b**2 + 2*b - 2. Suppose -80 = 8*r - 56. Determine k(r).
1
Let d(c) = -38 + 15 + 18*c + 15. Let w(r) = -6*r + 3. Let g(y) = 4*d(y) + 11*w(y). Give g(-1).
-5
Suppose 4*d - 4*i = 32, 0*i = d + i. Let u(b) = -2*b - 6 - d + 13 - 2*b. Let c(o) = 3*o - 2. Let s(q) = 5*c(q) + 4*u(q). Calculate s(5).
-3
Suppose 9*i = -12*i + 21. Let w(x) = 7*x - 1. Give w(i).
6
Let g(c) = c**2 - 6*c + 3. Let s be g(6). Let f be 12/4 - (28 - s). Let u = -16 - f. Let m(n) = n + 3. Determine m(u).
9
Let n(j) = 0 - 9 - 2 - j. Let b(x) = -2*x**2 - 32*x + 27. Let i be b(-17). What is n(i)?
-4
Let o = -47/39 - -33/13. Let j(q) be the first derivative of 1/4*q**4 + 1 + q**2 + 4*q + o*q**3. Give j(-3).
7
Suppose -6*o + 9*o = -i - 4, -4*o + 2 = 5*i. Let y(r) = -2 + 2*r**2 + 3*r**2 - 4*r**2 + r. Calculate y(o).
0
Let s(i) be the third derivative of i**5/40 + i**4/24 + 3*i**3/2 + 5*i**2. Let k(p) be the first derivative of s(p). Determine k(-1).
-2
Let b = 48 - 40. Let r(j) = 3*j**2 + 13*j - 16. Let v(z) = z**2 + z - 1. Let q(c) = r(c) - 4*v(c). Calculate q(b).
-4
Let u(b) = -b**3 + 20*b**2 + b - 22. Let r be u(20). Let f(x) = 2*x**2 - 4. What is f(r)?
4
Let u = 19 - 19. Let h be (u/(-2))/(5 + -2). Let i(p) = 0 - 1 + 2*p + h - 19*p. Calculate i(-1).
16
Let t(f) = -f**3 - 2*f**2 + 3*f. Let o(n) be the second derivative of n**4/12 - n**3/6 + 3*n**2/2 - 4*n. Let m be o(0). Suppose 0 = -v - m. Give t(v).
0
Let l(i) be the first derivative of i**4/4 - 4*i**3/3 + 2*i**2 - 6*i - 13. Let j = -33 - -37. Determine l(j).
10
Let k(v) be the first derivative of -v**5/30 + v**4/24 + 2*v**3/3 - 12*v**2 + 30. Let l(h) be the second derivative of k(h). Determine l(-3).
-17
Let y(p) = p**2 + p - 11. Let i be y(0). Let v = 14 + i. Suppose v*n - 1 = -4. Let g(c) = 2*c**2 + c + 1. Calculate g(n).
2
Let v(h) = 0*h**3 + h + 6 - 2*h**3 + 3*h**3. Let i(n) = -3*n**2 + 14*n + 7. Let g be i(7). Let d = g + 42. What is v(d)?
6
Suppose -2*o + o + 15 = 0. Let u = 18 - o. Let s be 4 + (-3 - (-2 - u)). Let z(h) = h**2 - 7*h - 2. What is z(s)?
-8
Let z = 3 + 4. Let r(x) = 8 + z - 16 + x. Determine r(-6).
-7
Let g(q) = 3*q + 3. Let l = 36 + -20. Suppose -2*x - l = 6*x. Calculate g(x).
-3
Let g(k) = 5*k - 10. Let y(t) = -9*t + 17. Let z(d) = 7*g(d) + 4*y(d). Calculate z(8).
-10
Let b(q) = 3*q**2 + 6*q + 2. Let g(h) = h**2 + 32*h + 188. Let t be g(-8). Calculate b(t).
26
Let r(s) = -s**2 - 3*s + 3. Suppose 2*m = 3*m - 5. Suppose 2*l - 5*z = 9, 3*z + 13 = m*l - 0*l. Suppose 3*x + 2 - 5 = l*w, 0 = -5*w + 4*x - 11. What is r(w)?
3
Suppose 0 = -u + 3*u - 4. Let k(o) = -4*o**2 - 2*o + 0*o + 5*o